{"id":370,"date":"2015-07-24T23:27:29","date_gmt":"2015-07-24T21:27:29","guid":{"rendered":"http:\/\/neu.art-tonal.com\/art-tonal.com\/?page_id=370"},"modified":"2024-12-02T21:10:30","modified_gmt":"2024-12-02T20:10:30","slug":"aktuelles","status":"publish","type":"page","link":"https:\/\/art-tonal.com\/?page_id=370","title":{"rendered":"Aktuelles"},"content":{"rendered":"\n<p class=\"has-text-align-center\"><strong>Advent im T\u00f6pfergArten<\/strong> <\/p>\n\n\n\n<p class=\"has-text-align-center\">der T\u00f6pfergArten ist am zweiten Adventswochenende 2024<\/p>\n\n\n\n<p class=\"has-text-align-center\">Freitag, Samstag und Sonntag<\/p>\n\n\n\n<p class=\"has-text-align-center\">Von 11 Uhr bis 19 Uhr ge\u00f6ffnet <\/p>\n\n\n\n<p class=\"has-text-align-center\">alle die dieses Wochenende nicht wahrnehmen k\u00f6nnen haben die M\u00f6glichkeit <\/p>\n\n\n\n<p class=\"has-text-align-center\">telefonisch einen Termin mit mir zu vereinbaren  0157 8588 4390<\/p>\n\n\n\n<figure class=\"wp-block-image size-large is-resized\"><img loading=\"lazy\" decoding=\"async\" width=\"768\" height=\"1024\" src=\"http:\/\/art-tonal.com\/wp-content\/uploads\/2016\/01\/IMG_8798-768x1024.jpg\" alt=\"\" class=\"wp-image-453\" style=\"width:827px;height:auto\" srcset=\"https:\/\/art-tonal.com\/wp-content\/uploads\/2016\/01\/IMG_8798-768x1024.jpg 768w, https:\/\/art-tonal.com\/wp-content\/uploads\/2016\/01\/IMG_8798-450x600.jpg 450w\" sizes=\"auto, (max-width: 768px) 100vw, 768px\" \/><\/figure>\n\n\n\n<p class=\"has-text-align-center\"><\/p>\n\n\n\n<p class=\"has-text-align-center\">\ufeff<\/p>\n\n\n\n<p class=\"has-white-background-color has-background has-large-font-size\">Tag der offenen T\u00f6pferei<\/p>\n\n\n\n<p class=\"has-white-background-color has-background\">Aktionswochenende im M\u00e4rz macht Lust auf Keramik!<\/p>\n\n\n\n<p class=\"has-text-align-center\">Auch der T\u00f6pfergArten in H\u00f6tensleben l\u00e4dt ein<\/p>\n\n\n\n<p class=\"has-text-align-center\">Um die 500 T\u00f6pfer:innen und Keramiker:innen aus ganz Deutschland laden am 9. und 10. M\u00e4rz 2024 jeweils von 10 bis 18 Uhr unter dem bekannten Motto \u201eSCHAUEN, ANFASSEN, STAUNEN\u201c zum 19. \u201eTag der offenen T\u00f6pferei\u201c in ihre Werkst\u00e4tten und Ateliers ein.<\/p>\n\n\n\n<p class=\"has-text-align-center\">Im Mittelpunkt des 19. \u201eTag der offenen T\u00f6pferei\u201c stehen Begegnung und Austausch. Die Besucher und Besucherinnen sind herzlich willkommen, sich von der Qualit\u00e4t und der Sch\u00f6nheit handgearbeiteter keramischer Produkte \u00fcberzeugen und begeistern zu lassen und ein uraltes, brandaktuelles Handwerk kennenzulernen. Auf dem Programm stehen Klassiker wie F\u00fchrungen durch Werkst\u00e4tten und Ateliers oder Vorf\u00fchrungen an der Drehscheibe oder selbst mal an der Drehscheibe versuchen. Auch das Brennen von Keramiken, etwa der faszinierende Rakubrand, und Mitmachaktionen geh\u00f6ren zum Angebot.<\/p>\n\n\n\n<p class=\"has-text-align-center\">F\u00fcr den T\u00f6pfergArten ist der Tag der offenen T\u00f6pferei der Auftakt in ein neues Keramikjahr. Sie sind herzlich eingeladen zum SCHAUEN, ANFASSEN, STAUNEN<\/p>\n\n\n\n<p class=\"has-text-align-center\">bei Kaffee und Kuchen den Tag genie\u00dfen.<\/p>\n\n\n\n<p class=\"has-text-align-center\">. Tag der offenen T\u00f6pferei<br>Samstag, 9. M\u00e4rz und Sonntag, 10. M\u00e4rz 2024<br>jeweils von 10.00 bis 18.00 Uhr<\/p>\n\n\n\n<p class=\"has-text-align-center\">T\u00f6pfergArten<\/p>\n\n\n\n<p class=\"has-text-align-center\">Birgit Bremer<\/p>\n\n\n\n<p class=\"has-text-align-center\">39393 H\u00f6tensleben<\/p>\n\n\n\n<p class=\"has-text-align-center\">Auf dem Amt 8<\/p>\n\n\n\n<p class=\"has-text-align-center\">0157 8588 4390<\/p>\n\n\n\n<p class=\"has-text-align-center\">www.art-tonal.com<\/p>\n\n\n\n<p class=\"has-text-align-center\">bremer-birgit@t-online.de<\/p>\n\n\n\n<p class=\"has-text-align-center\">Die gemeinsame Internetseite www.tag-der-offenen-toepferei.de gibt Auskunft \u00fcber die teilnehmenden T\u00f6pfereien.<\/p>\n\n\n\n<p><\/p>\n\n\n\n<p><\/p>\n\n\n\n<p><\/p>\n\n\n\n<p><\/p>\n\n\n\n<p class=\"has-text-align-center has-x-large-font-size\">Adventsausstellung im T\u00f6pfergArten <\/p>\n\n\n\n<p class=\"has-text-align-center has-x-large-font-size\"> mit Puppentheater<br><\/p>\n\n\n\n<p class=\"has-text-align-center has-medium-font-size\">Der T\u00f6pfergArten in H\u00f6tensleben l\u00e4dt herzlich zur ersten Adventsausstellung, mit Werkstattverkauf, in seinem neuen Ausstellungsraum ein. In gem\u00fctlicher Atmosph\u00e4re k\u00f6nnen Besucherinnen und Besucher bei Gl\u00fchwein, Tee und Keksen st\u00f6bern und dabei einzigartige Geschenke f\u00fcr ihre Lieben entdecken.<br>F\u00fcr die Ausstellung sind dieses Jahr drei Gastausstellerinnen eingeladen.<br><br>Kerstin Schnur T\u00f6pferwerkstatt aus Sch\u00f6nebeck, fertigt frostsichere, fig\u00fcrliche Keramik f\u00fcr Haus, Hof und Garten im Materialmix mit Metall und Holz.<br>Kerstin Schnur sagt \u00fcber sich:<br>Meine Figuren l\u00f6sen eine gewisse Beschwingheit aus und fordern dazu auf, auch allzu menschliche Probleme nicht zu ernst zu nehmen. Spitzb\u00fcbigkeit und Lust am Leben kommen in meiner sehr eigenen Ausdrucksweise ebenso zur Geltung, wie die Kunst sich auf das Wesentliche zu fokussieren und damit dem Betrachter freien Lauf bei der Interpretation meiner Werke einzur\u00e4umen . . www.toepferwerkstatt-schnur.de<br><br>Kerstin Wierstorf mit ihrer Puppenwerkstatt Bringt nicht nur liebevoll handgefertigte Puppen mit, sondern auch ihr eigenes Puppentheater.<br>Am 1.2. und 3.Advent um 16 Uhr f\u00fchrt sie f\u00fcr kleine und gro\u00dfe G\u00e4ste ein Puppenspiel mit den neusten Abenteuern von Kasperl und seinen Freunden auf.<br><br>Maria W\u00fcllner Bildhauerin<br>Stellt ihre Sulpturen und Arbeiten aus verschiedenen Materialien aus.<br><br>Der T\u00f6pfergarten zeigt ausschlie\u00dflich handgefertigte hochwertige Arbeiten<br>Von Handwerkern und K\u00fcnstlern aus eigenen Werkst\u00e4tten.<br><br>. Selbstverst\u00e4ndlich pr\u00e4sentiert auch die Gastgeberin Birgit Bremer, individuelle, hochgegannte, frostsichere Einzelst\u00fccke aus ihrer Werkstatt. Das Angebot ist bunt und vielf\u00e4ltig: Kr\u00e4uterk\u00f6pfe, Raben , Eulen, Fische, Gartenstelen zum selbst zusammenstellen bis hin zu Tassen die mit pers\u00f6nlichem Text graviert werden k\u00f6nnen. Mutige Besucher k\u00f6nnen sogar an der T\u00f6pferscheibe Platz nehmen und ihr Talent ausprobieren.<br><br><\/p>\n\n\n\n<p class=\"has-text-align-center has-x-large-font-size\">\u00d6ffnungszeiten<\/p>\n\n\n\n<p class=\"has-text-align-center has-x-large-font-size\">Vom 1. Advent bis zum 23. Dezember 2023,<br>donnerstags bis sonntags<br>von 14:00 bis 20:00 Uhr.<br>Das Puppentheater findet sonntags um 16:00 Uhr statt.<br><br>Allen, die zu den regul\u00e4ren \u00d6ffnungszeiten nicht k\u00f6nnen oder einen Einzeltermin bevorzugen, biete ich die M\u00f6glichkeit, telefonisch einen Termin zu vereinbaren.<\/p>\n\n\n\n<p class=\"has-text-align-center has-medium-font-size\"><br>T\u00f6pfergArten<\/p>\n\n\n\n<p class=\"has-text-align-center has-x-large-font-size\">Birgit Bremer<\/p>\n\n\n\n<p class=\"has-text-align-center has-x-large-font-size\"><strong>Auf dem Amt 8<\/strong><\/p>\n\n\n\n<p class=\"has-text-align-center has-x-large-font-size\"><strong>39393 H\u00f6tensleben<\/strong><\/p>\n\n\n\n<p class=\"has-text-align-center has-x-large-font-size\"><strong>0157 8588 4390<\/strong><\/p>\n\n\n\n<p class=\"has-text-align-center has-x-large-font-size\">www.art-tonal.com \ufeff<\/p>\n\n\n\n<figure class=\"wp-block-image\"><img decoding=\"async\" src=\"https:\/\/art-tonal.com\/wp-content\/uploads\/2023\/12\/01_IMG_20231203_201158819_MFNR-1024x771.jpg\" alt=\"Dieses Bild hat ein leeres Alt-Attribut. Der Dateiname ist 01_IMG_20231203_201158819_MFNR-1024x771.jpg\"\/><\/figure>\n\n\n\n<figure class=\"wp-block-gallery has-nested-images columns-default is-cropped wp-block-gallery-1 is-layout-flex wp-block-gallery-is-layout-flex\">\n<figure class=\"wp-block-image size-large\"><img loading=\"lazy\" decoding=\"async\" width=\"1024\" height=\"771\" data-id=\"876\" src=\"https:\/\/art-tonal.com\/wp-content\/uploads\/2023\/12\/01_IMG_20231203_201158819_MFNR-1024x771.jpg\" alt=\"\" class=\"wp-image-876\" srcset=\"https:\/\/art-tonal.com\/wp-content\/uploads\/2023\/12\/01_IMG_20231203_201158819_MFNR-1024x771.jpg 1024w, https:\/\/art-tonal.com\/wp-content\/uploads\/2023\/12\/01_IMG_20231203_201158819_MFNR-600x452.jpg 600w, https:\/\/art-tonal.com\/wp-content\/uploads\/2023\/12\/01_IMG_20231203_201158819_MFNR-768x578.jpg 768w, https:\/\/art-tonal.com\/wp-content\/uploads\/2023\/12\/01_IMG_20231203_201158819_MFNR-1536x1157.jpg 1536w, https:\/\/art-tonal.com\/wp-content\/uploads\/2023\/12\/01_IMG_20231203_201158819_MFNR-2048x1542.jpg 2048w\" sizes=\"auto, (max-width: 1024px) 100vw, 1024px\" \/><\/figure>\n\n\n\n<figure class=\"wp-block-image size-large\"><img loading=\"lazy\" decoding=\"async\" width=\"771\" height=\"1024\" data-id=\"875\" src=\"https:\/\/art-tonal.com\/wp-content\/uploads\/2023\/12\/02_IMG_20231203_201026856_MFNR-771x1024.jpg\" alt=\"\" class=\"wp-image-875\" srcset=\"https:\/\/art-tonal.com\/wp-content\/uploads\/2023\/12\/02_IMG_20231203_201026856_MFNR-771x1024.jpg 771w, https:\/\/art-tonal.com\/wp-content\/uploads\/2023\/12\/02_IMG_20231203_201026856_MFNR-452x600.jpg 452w, https:\/\/art-tonal.com\/wp-content\/uploads\/2023\/12\/02_IMG_20231203_201026856_MFNR-768x1020.jpg 768w, https:\/\/art-tonal.com\/wp-content\/uploads\/2023\/12\/02_IMG_20231203_201026856_MFNR-1157x1536.jpg 1157w, https:\/\/art-tonal.com\/wp-content\/uploads\/2023\/12\/02_IMG_20231203_201026856_MFNR-1542x2048.jpg 1542w, https:\/\/art-tonal.com\/wp-content\/uploads\/2023\/12\/02_IMG_20231203_201026856_MFNR-scaled.jpg 1928w\" sizes=\"auto, (max-width: 771px) 100vw, 771px\" \/><\/figure>\n\n\n\n<figure class=\"wp-block-image size-large\"><img loading=\"lazy\" decoding=\"async\" width=\"771\" height=\"1024\" data-id=\"873\" src=\"https:\/\/art-tonal.com\/wp-content\/uploads\/2023\/12\/03_IMG_20231203_201008547_MFNR-771x1024.jpg\" alt=\"\" class=\"wp-image-873\" srcset=\"https:\/\/art-tonal.com\/wp-content\/uploads\/2023\/12\/03_IMG_20231203_201008547_MFNR-771x1024.jpg 771w, https:\/\/art-tonal.com\/wp-content\/uploads\/2023\/12\/03_IMG_20231203_201008547_MFNR-452x600.jpg 452w, https:\/\/art-tonal.com\/wp-content\/uploads\/2023\/12\/03_IMG_20231203_201008547_MFNR-768x1020.jpg 768w, https:\/\/art-tonal.com\/wp-content\/uploads\/2023\/12\/03_IMG_20231203_201008547_MFNR-1157x1536.jpg 1157w, https:\/\/art-tonal.com\/wp-content\/uploads\/2023\/12\/03_IMG_20231203_201008547_MFNR-1542x2048.jpg 1542w, https:\/\/art-tonal.com\/wp-content\/uploads\/2023\/12\/03_IMG_20231203_201008547_MFNR-scaled.jpg 1928w\" sizes=\"auto, (max-width: 771px) 100vw, 771px\" \/><\/figure>\n\n\n\n<figure class=\"wp-block-image size-large\"><img loading=\"lazy\" decoding=\"async\" width=\"771\" height=\"1024\" data-id=\"874\" src=\"https:\/\/art-tonal.com\/wp-content\/uploads\/2023\/12\/04_IMG_20231203_200857288_MFNR-771x1024.jpg\" alt=\"\" class=\"wp-image-874\" srcset=\"https:\/\/art-tonal.com\/wp-content\/uploads\/2023\/12\/04_IMG_20231203_200857288_MFNR-771x1024.jpg 771w, https:\/\/art-tonal.com\/wp-content\/uploads\/2023\/12\/04_IMG_20231203_200857288_MFNR-452x600.jpg 452w, https:\/\/art-tonal.com\/wp-content\/uploads\/2023\/12\/04_IMG_20231203_200857288_MFNR-768x1020.jpg 768w, https:\/\/art-tonal.com\/wp-content\/uploads\/2023\/12\/04_IMG_20231203_200857288_MFNR-1157x1536.jpg 1157w, https:\/\/art-tonal.com\/wp-content\/uploads\/2023\/12\/04_IMG_20231203_200857288_MFNR-1542x2048.jpg 1542w, https:\/\/art-tonal.com\/wp-content\/uploads\/2023\/12\/04_IMG_20231203_200857288_MFNR-scaled.jpg 1928w\" sizes=\"auto, (max-width: 771px) 100vw, 771px\" \/><\/figure>\n\n\n\n<figure class=\"wp-block-image size-large\"><img loading=\"lazy\" decoding=\"async\" width=\"771\" height=\"1024\" data-id=\"877\" src=\"https:\/\/art-tonal.com\/wp-content\/uploads\/2023\/12\/05_IMG_20231203_200806506_MFNR-771x1024.jpg\" alt=\"\" class=\"wp-image-877\" srcset=\"https:\/\/art-tonal.com\/wp-content\/uploads\/2023\/12\/05_IMG_20231203_200806506_MFNR-771x1024.jpg 771w, https:\/\/art-tonal.com\/wp-content\/uploads\/2023\/12\/05_IMG_20231203_200806506_MFNR-452x600.jpg 452w, https:\/\/art-tonal.com\/wp-content\/uploads\/2023\/12\/05_IMG_20231203_200806506_MFNR-768x1020.jpg 768w, https:\/\/art-tonal.com\/wp-content\/uploads\/2023\/12\/05_IMG_20231203_200806506_MFNR-1157x1536.jpg 1157w, https:\/\/art-tonal.com\/wp-content\/uploads\/2023\/12\/05_IMG_20231203_200806506_MFNR-1542x2048.jpg 1542w, https:\/\/art-tonal.com\/wp-content\/uploads\/2023\/12\/05_IMG_20231203_200806506_MFNR-scaled.jpg 1928w\" sizes=\"auto, (max-width: 771px) 100vw, 771px\" \/><\/figure>\n\n\n\n<figure class=\"wp-block-image size-large\"><img loading=\"lazy\" decoding=\"async\" width=\"771\" height=\"1024\" data-id=\"878\" src=\"https:\/\/art-tonal.com\/wp-content\/uploads\/2023\/12\/06_IMG_20231203_200758802_MFNR-771x1024.jpg\" alt=\"\" class=\"wp-image-878\" srcset=\"https:\/\/art-tonal.com\/wp-content\/uploads\/2023\/12\/06_IMG_20231203_200758802_MFNR-771x1024.jpg 771w, https:\/\/art-tonal.com\/wp-content\/uploads\/2023\/12\/06_IMG_20231203_200758802_MFNR-452x600.jpg 452w, https:\/\/art-tonal.com\/wp-content\/uploads\/2023\/12\/06_IMG_20231203_200758802_MFNR-768x1020.jpg 768w, https:\/\/art-tonal.com\/wp-content\/uploads\/2023\/12\/06_IMG_20231203_200758802_MFNR-1157x1536.jpg 1157w, https:\/\/art-tonal.com\/wp-content\/uploads\/2023\/12\/06_IMG_20231203_200758802_MFNR-1542x2048.jpg 1542w, https:\/\/art-tonal.com\/wp-content\/uploads\/2023\/12\/06_IMG_20231203_200758802_MFNR-scaled.jpg 1928w\" sizes=\"auto, (max-width: 771px) 100vw, 771px\" \/><\/figure>\n\n\n\n<figure class=\"wp-block-image size-large\"><img loading=\"lazy\" decoding=\"async\" width=\"1024\" height=\"771\" data-id=\"884\" src=\"https:\/\/art-tonal.com\/wp-content\/uploads\/2023\/12\/07_IMG_20231203_200722681_MFNR-1024x771.jpg\" alt=\"\" class=\"wp-image-884\" srcset=\"https:\/\/art-tonal.com\/wp-content\/uploads\/2023\/12\/07_IMG_20231203_200722681_MFNR-1024x771.jpg 1024w, https:\/\/art-tonal.com\/wp-content\/uploads\/2023\/12\/07_IMG_20231203_200722681_MFNR-600x452.jpg 600w, https:\/\/art-tonal.com\/wp-content\/uploads\/2023\/12\/07_IMG_20231203_200722681_MFNR-768x578.jpg 768w, https:\/\/art-tonal.com\/wp-content\/uploads\/2023\/12\/07_IMG_20231203_200722681_MFNR-1536x1157.jpg 1536w, https:\/\/art-tonal.com\/wp-content\/uploads\/2023\/12\/07_IMG_20231203_200722681_MFNR-2048x1542.jpg 2048w\" sizes=\"auto, (max-width: 1024px) 100vw, 1024px\" \/><\/figure>\n\n\n\n<figure class=\"wp-block-image size-large\"><img loading=\"lazy\" decoding=\"async\" width=\"771\" height=\"1024\" data-id=\"880\" src=\"https:\/\/art-tonal.com\/wp-content\/uploads\/2023\/12\/08_IMG_20231203_200648432_MFNR-771x1024.jpg\" alt=\"\" class=\"wp-image-880\" srcset=\"https:\/\/art-tonal.com\/wp-content\/uploads\/2023\/12\/08_IMG_20231203_200648432_MFNR-771x1024.jpg 771w, https:\/\/art-tonal.com\/wp-content\/uploads\/2023\/12\/08_IMG_20231203_200648432_MFNR-452x600.jpg 452w, https:\/\/art-tonal.com\/wp-content\/uploads\/2023\/12\/08_IMG_20231203_200648432_MFNR-768x1020.jpg 768w, https:\/\/art-tonal.com\/wp-content\/uploads\/2023\/12\/08_IMG_20231203_200648432_MFNR-1157x1536.jpg 1157w, https:\/\/art-tonal.com\/wp-content\/uploads\/2023\/12\/08_IMG_20231203_200648432_MFNR-1542x2048.jpg 1542w, https:\/\/art-tonal.com\/wp-content\/uploads\/2023\/12\/08_IMG_20231203_200648432_MFNR-scaled.jpg 1928w\" sizes=\"auto, (max-width: 771px) 100vw, 771px\" \/><\/figure>\n\n\n\n<figure class=\"wp-block-image size-large\"><img loading=\"lazy\" decoding=\"async\" width=\"771\" height=\"1024\" data-id=\"881\" src=\"https:\/\/art-tonal.com\/wp-content\/uploads\/2023\/12\/09_IMG_20231203_200634662_MFNR-771x1024.jpg\" alt=\"\" class=\"wp-image-881\" srcset=\"https:\/\/art-tonal.com\/wp-content\/uploads\/2023\/12\/09_IMG_20231203_200634662_MFNR-771x1024.jpg 771w, https:\/\/art-tonal.com\/wp-content\/uploads\/2023\/12\/09_IMG_20231203_200634662_MFNR-452x600.jpg 452w, https:\/\/art-tonal.com\/wp-content\/uploads\/2023\/12\/09_IMG_20231203_200634662_MFNR-768x1020.jpg 768w, https:\/\/art-tonal.com\/wp-content\/uploads\/2023\/12\/09_IMG_20231203_200634662_MFNR-1157x1536.jpg 1157w, https:\/\/art-tonal.com\/wp-content\/uploads\/2023\/12\/09_IMG_20231203_200634662_MFNR-1542x2048.jpg 1542w, https:\/\/art-tonal.com\/wp-content\/uploads\/2023\/12\/09_IMG_20231203_200634662_MFNR-scaled.jpg 1928w\" sizes=\"auto, (max-width: 771px) 100vw, 771px\" \/><\/figure>\n\n\n\n<figure class=\"wp-block-image size-large\"><img loading=\"lazy\" decoding=\"async\" width=\"771\" height=\"1024\" data-id=\"879\" src=\"https:\/\/art-tonal.com\/wp-content\/uploads\/2023\/12\/10_IMG_20231203_200610065_MFNR-771x1024.jpg\" alt=\"\" class=\"wp-image-879\" srcset=\"https:\/\/art-tonal.com\/wp-content\/uploads\/2023\/12\/10_IMG_20231203_200610065_MFNR-771x1024.jpg 771w, https:\/\/art-tonal.com\/wp-content\/uploads\/2023\/12\/10_IMG_20231203_200610065_MFNR-452x600.jpg 452w, https:\/\/art-tonal.com\/wp-content\/uploads\/2023\/12\/10_IMG_20231203_200610065_MFNR-768x1020.jpg 768w, https:\/\/art-tonal.com\/wp-content\/uploads\/2023\/12\/10_IMG_20231203_200610065_MFNR-1157x1536.jpg 1157w, https:\/\/art-tonal.com\/wp-content\/uploads\/2023\/12\/10_IMG_20231203_200610065_MFNR-1542x2048.jpg 1542w, https:\/\/art-tonal.com\/wp-content\/uploads\/2023\/12\/10_IMG_20231203_200610065_MFNR-scaled.jpg 1928w\" sizes=\"auto, (max-width: 771px) 100vw, 771px\" \/><\/figure>\n\n\n\n<figure class=\"wp-block-image size-large\"><img loading=\"lazy\" decoding=\"async\" width=\"771\" height=\"1024\" data-id=\"882\" src=\"https:\/\/art-tonal.com\/wp-content\/uploads\/2023\/12\/11_IMG_20231203_200518172_MFNR-771x1024.jpg\" alt=\"\" class=\"wp-image-882\" srcset=\"https:\/\/art-tonal.com\/wp-content\/uploads\/2023\/12\/11_IMG_20231203_200518172_MFNR-771x1024.jpg 771w, https:\/\/art-tonal.com\/wp-content\/uploads\/2023\/12\/11_IMG_20231203_200518172_MFNR-452x600.jpg 452w, https:\/\/art-tonal.com\/wp-content\/uploads\/2023\/12\/11_IMG_20231203_200518172_MFNR-768x1020.jpg 768w, https:\/\/art-tonal.com\/wp-content\/uploads\/2023\/12\/11_IMG_20231203_200518172_MFNR-1157x1536.jpg 1157w, https:\/\/art-tonal.com\/wp-content\/uploads\/2023\/12\/11_IMG_20231203_200518172_MFNR-1542x2048.jpg 1542w, https:\/\/art-tonal.com\/wp-content\/uploads\/2023\/12\/11_IMG_20231203_200518172_MFNR-scaled.jpg 1928w\" sizes=\"auto, (max-width: 771px) 100vw, 771px\" \/><\/figure>\n\n\n\n<figure class=\"wp-block-image size-large\"><img loading=\"lazy\" decoding=\"async\" width=\"771\" height=\"1024\" data-id=\"883\" src=\"https:\/\/art-tonal.com\/wp-content\/uploads\/2023\/12\/12_IMG_20231203_200509194_MFNR-771x1024.jpg\" alt=\"\" class=\"wp-image-883\" srcset=\"https:\/\/art-tonal.com\/wp-content\/uploads\/2023\/12\/12_IMG_20231203_200509194_MFNR-771x1024.jpg 771w, https:\/\/art-tonal.com\/wp-content\/uploads\/2023\/12\/12_IMG_20231203_200509194_MFNR-452x600.jpg 452w, https:\/\/art-tonal.com\/wp-content\/uploads\/2023\/12\/12_IMG_20231203_200509194_MFNR-768x1020.jpg 768w, https:\/\/art-tonal.com\/wp-content\/uploads\/2023\/12\/12_IMG_20231203_200509194_MFNR-1157x1536.jpg 1157w, https:\/\/art-tonal.com\/wp-content\/uploads\/2023\/12\/12_IMG_20231203_200509194_MFNR-1542x2048.jpg 1542w, https:\/\/art-tonal.com\/wp-content\/uploads\/2023\/12\/12_IMG_20231203_200509194_MFNR-scaled.jpg 1928w\" sizes=\"auto, (max-width: 771px) 100vw, 771px\" \/><\/figure>\n\n\n\n<figure class=\"wp-block-image size-large\"><img loading=\"lazy\" decoding=\"async\" width=\"771\" height=\"1024\" data-id=\"885\" src=\"https:\/\/art-tonal.com\/wp-content\/uploads\/2023\/12\/13_IMG_20231203_200451818_MFNR-771x1024.jpg\" alt=\"\" class=\"wp-image-885\" srcset=\"https:\/\/art-tonal.com\/wp-content\/uploads\/2023\/12\/13_IMG_20231203_200451818_MFNR-771x1024.jpg 771w, https:\/\/art-tonal.com\/wp-content\/uploads\/2023\/12\/13_IMG_20231203_200451818_MFNR-452x600.jpg 452w, https:\/\/art-tonal.com\/wp-content\/uploads\/2023\/12\/13_IMG_20231203_200451818_MFNR-768x1020.jpg 768w, https:\/\/art-tonal.com\/wp-content\/uploads\/2023\/12\/13_IMG_20231203_200451818_MFNR-1157x1536.jpg 1157w, https:\/\/art-tonal.com\/wp-content\/uploads\/2023\/12\/13_IMG_20231203_200451818_MFNR-1542x2048.jpg 1542w, https:\/\/art-tonal.com\/wp-content\/uploads\/2023\/12\/13_IMG_20231203_200451818_MFNR-scaled.jpg 1928w\" sizes=\"auto, (max-width: 771px) 100vw, 771px\" \/><\/figure>\n<\/figure>\n","protected":false},"excerpt":{"rendered":"<p>Advent im T\u00f6pfergArten der T\u00f6pfergArten ist am zweiten Adventswochenende 2024 Freitag, Samstag und Sonntag Von 11 Uhr bis 19 Uhr ge\u00f6ffnet alle die dieses Wochenende nicht wahrnehmen k\u00f6nnen haben die M\u00f6glichkeit telefonisch einen Termin mit mir zu vereinbaren 0157 8588 4390 \ufeff Tag&hellip;<\/p>\n","protected":false},"author":2,"featured_media":0,"parent":0,"menu_order":0,"comment_status":"closed","ping_status":"closed","template":"","meta":{"footnotes":""},"class_list":["post-370","page","type-page","status-publish","hentry"],"_links":{"self":[{"href":"https:\/\/art-tonal.com\/index.php?rest_route=\/wp\/v2\/pages\/370","targetHints":{"allow":["GET"]}}],"collection":[{"href":"https:\/\/art-tonal.com\/index.php?rest_route=\/wp\/v2\/pages"}],"about":[{"href":"https:\/\/art-tonal.com\/index.php?rest_route=\/wp\/v2\/types\/page"}],"author":[{"embeddable":true,"href":"https:\/\/art-tonal.com\/index.php?rest_route=\/wp\/v2\/users\/2"}],"replies":[{"embeddable":true,"href":"https:\/\/art-tonal.com\/index.php?rest_route=%2Fwp%2Fv2%2Fcomments&post=370"}],"version-history":[{"count":36,"href":"https:\/\/art-tonal.com\/index.php?rest_route=\/wp\/v2\/pages\/370\/revisions"}],"predecessor-version":[{"id":914,"href":"https:\/\/art-tonal.com\/index.php?rest_route=\/wp\/v2\/pages\/370\/revisions\/914"}],"wp:attachment":[{"href":"https:\/\/art-tonal.com\/index.php?rest_route=%2Fwp%2Fv2%2Fmedia&parent=370"}],"curies":[{"name":"wp","href":"https:\/\/api.w.org\/{rel}","templated":true}]}}